{"id":18016,"date":"2025-09-01T15:54:31","date_gmt":"2025-09-01T13:54:31","guid":{"rendered":"https:\/\/www.grandezzemeraviglie.it\/?post_type=tribe_events&#038;p=18016"},"modified":"2025-09-12T16:56:19","modified_gmt":"2025-09-12T14:56:19","slug":"0-12-musica-familiare-lincanto-dellarpa","status":"publish","type":"tribe_events","link":"https:\/\/www.grandezzemeraviglie.it\/en\/evento\/0-12-musica-familiare-lincanto-dellarpa\/","title":{"rendered":"0-12 MUSICA FAMILIARE: L&#8217;INCANTO DELL&#8217;ARPA"},"content":{"rendered":"<p style=\"text-align: center;\"><em>in occasione di \u201cGrandezze &amp; Meraviglie 2025 \u2013 XVIII Festival Musicale Estense\u201d<\/em><\/p>\n<p>&nbsp;<\/p>\n<p style=\"text-align: center;\">Domenica 5 ottobre, Modena<br \/>\nScuola Cittadella, ore 10.30<\/p>\n<p style=\"text-align: center;\"><strong>O-12 MUSICA FAMILIARE<br \/>\nL&#8217;INCANTO DELL&#8217;ARPA<\/strong><\/p>\n<p style=\"text-align: center;\">\u00a0TEODORA TOMMASI <em>arpa barocca e canto<\/em><\/p>\n<p style=\"text-align: center;\"><strong>&#8212;<\/strong><\/p>\n<p style=\"text-align: center;\"><strong>ANONIMO (XVI SECOLO)<\/strong><br \/>\nPavana e Salterello<br \/>\n<em>Ms. di Castell\u2019Arquato<\/em><\/p>\n<p style=\"text-align: center;\"><strong>VINCENZO GALILEI (1520-1591)<\/strong><br \/>\nRicercare secondo<br \/>\n<em>Intavolature de Lauto, Roma 1563<\/em><\/p>\n<p style=\"text-align: center;\"><strong>GIULIO CACCINI ? (1551-1618)<\/strong><br \/>\nDalla porta d\u2019oriente<br \/>\nDal Codice Magliabechiano XIX. 115<br \/>\n<em>Nuove musiche e nuova maniera di scriverle, Firenze 1614<\/em><\/p>\n<p style=\"text-align: center;\"><strong>ANONIMO (XVI SECOLO)<\/strong><br \/>\nSon fonti e fiumi<br \/>\n<em>Dal Codice Magliabechiano XIX. 138<\/em><\/p>\n<p style=\"text-align: center;\"><strong>SETTIMIA CACCINI (1591-1660 ca.)<\/strong><br \/>\nCore di questo core<br \/>\n<em>Ms. Q.49, Museo Internazionale e Biblioteca della Musica, Bologna<\/em><\/p>\n<p style=\"text-align: center;\"><strong>ALESSANDRO GHIVIZZANI (1572-1636)<\/strong><br \/>\nVago mio viso<br \/>\n<em>Ms. Q.49, Museo Internazionale e Biblioteca della Musica, Bologna<\/em><\/p>\n<p style=\"text-align: center;\"><strong>ASCANIO MAYONE (1570 ca.-1627)<\/strong><br \/>\nToccata quarta<br \/>\n<em>Primo libro di diversi capricci per sonare, Napoli 1603<\/em><\/p>\n<p style=\"text-align: center;\"><strong>SETTIMIA CACCINI<\/strong><br \/>\nCantan gli augelli<br \/>\n<em>Ms. Q.49, Museo Internazionale e Biblioteca della Musica, Bologna<\/em><\/p>\n<p style=\"text-align: center;\"><strong>FRANCESCA CACCINI (1587-1640)<\/strong><br \/>\nNon so se quel sorriso<br \/>\n<em>Il primo libro delle musiche a una e due voci, Firenze, 1618<\/em><\/p>\n<p style=\"text-align: center;\"><strong>ANONIMO<\/strong><br \/>\nSpagnoletta<br \/>\n<em>Dal Codice Magliabechiano XIX. 138<\/em><\/p>\n<p style=\"text-align: center;\"><strong>SETTIMIA CACCINI<\/strong><br \/>\nDue luci ridenti<br \/>\n<em>Ms. Q.49, Museo Internazionale e Biblioteca della Musica, Bologna<\/em><\/p>\n<p style=\"text-align: center;\"><strong>&#8212;<\/strong><\/p>\n<p style=\"text-align: left;\">Il breve concerto-racconto guider\u00e0 alla scoperta dell&#8217;arpa barocca, uno degli strumenti pi\u00f9 antichi e affascinanti. Attraverso musiche del XVI e XVII secolo, eseguite e raccontate dall&#8217;arpista e cantante Teodora Tommasi, il pubblico dei pi\u00f9 piccoli sar\u00e0 immerso in un viaggio sonoro fatto di danze, canzoni e storie, che dimostrer\u00e0 come l&#8217;arpa sia in grado di conquistare i cuori di tutti! Un&#8217;occasione per scoprire i segreti di questo strumento regale: come funziona l&#8217;arpa, la storia dell&#8217;arpa doppia (che in realt\u00e0 \u00e8 tripla) e il suo ruolo nel mondo della musica. Teodora Tommasi racconter\u00e0 la storia di Settimia Caccini, un&#8217;arpista e cantante del passato spesso trascurata, ma in realt\u00e0 grande virtuosa del Seicento. Il programma, che include anche brani del padre Giulio Caccini e del marito Alessandro Ghivizzani, proporr\u00e0 danze veloci e lente, virtuosismi e toccate, mettendo in luce tutte le sfumature di questo strumento magico. Un&#8217;esperienza che unisce musica, racconto e curiosit\u00e0.<\/p>\n<p style=\"text-align: left;\"><strong><span style=\"text-decoration: underline;\">ACQUISTO DEI BIGLIETTI ESCLUSIVAMENTE SUL LUOGO DEL CONCERTO.<\/span><\/strong><\/p>\n<p style=\"text-align: left;\"><strong>Seguici sui nostri profili social per le ultime novit\u00e0!<\/strong><br \/>\n<strong><a href=\"https:\/\/www.facebook.com\/grandezzemeraviglie\">Facebook<\/a>\u00a0|\u00a0<a href=\"https:\/\/www.instagram.com\/grandezze_meraviglie\/\">Instagram<\/a>\u00a0|\u00a0<a href=\"https:\/\/youtube.com\/@grandezzemeravigliefestiva2396?si=NKvPxqtSDvaXGkn1\">YouTube<\/a><\/strong><\/p>\n<p style=\"text-align: left;\"><strong>Iscriviti alla nostra Newsletter per rimanere sempre aggiornato!<\/strong><\/p>\n","protected":false},"excerpt":{"rendered":"<p>in occasione di \u201cGrandezze &amp; Meraviglie 2025 \u2013 XVIII Festival Musicale Estense\u201d &nbsp; Domenica 5 ottobre, Modena Scuola Cittadella, ore 10.30 O-12 MUSICA FAMILIARE L&#8217;INCANTO DELL&#8217;ARPA \u00a0TEODORA TOMMASI arpa barocca [&hellip;]<\/p>\n","protected":false},"author":2,"featured_media":18017,"template":"","meta":{"_tribe_events_status":"","_tribe_events_status_reason":"","_tribe_events_is_hybrid":"","_tribe_events_is_virtual":"","_tribe_events_virtual_video_source":"","_tribe_events_virtual_embed_video":"","_tribe_events_virtual_linked_button_text":"","_tribe_events_virtual_linked_button":"","_tribe_events_virtual_show_embed_at":"","_tribe_events_virtual_show_embed_to":[],"_tribe_events_virtual_show_on_event":"","_tribe_events_virtual_show_on_views":"","_tribe_events_virtual_url":"","footnotes":""},"tags":[],"tribe_events_cat":[22],"edizione":[749],"class_list":["post-18016","tribe_events","type-tribe_events","status-publish","has-post-thumbnail","hentry","tribe_events_cat-concerto-0-12-musica-familiare","edizione-grandezze-meraviglie-2025-xxviii-festival-musicale-estense","cat_concerto-0-12-musica-familiare"],"_links":{"self":[{"href":"https:\/\/www.grandezzemeraviglie.it\/en\/wp-json\/wp\/v2\/tribe_events\/18016","targetHints":{"allow":["GET"]}}],"collection":[{"href":"https:\/\/www.grandezzemeraviglie.it\/en\/wp-json\/wp\/v2\/tribe_events"}],"about":[{"href":"https:\/\/www.grandezzemeraviglie.it\/en\/wp-json\/wp\/v2\/types\/tribe_events"}],"author":[{"embeddable":true,"href":"https:\/\/www.grandezzemeraviglie.it\/en\/wp-json\/wp\/v2\/users\/2"}],"version-history":[{"count":9,"href":"https:\/\/www.grandezzemeraviglie.it\/en\/wp-json\/wp\/v2\/tribe_events\/18016\/revisions"}],"predecessor-version":[{"id":18469,"href":"https:\/\/www.grandezzemeraviglie.it\/en\/wp-json\/wp\/v2\/tribe_events\/18016\/revisions\/18469"}],"wp:featuredmedia":[{"embeddable":true,"href":"https:\/\/www.grandezzemeraviglie.it\/en\/wp-json\/wp\/v2\/media\/18017"}],"wp:attachment":[{"href":"https:\/\/www.grandezzemeraviglie.it\/en\/wp-json\/wp\/v2\/media?parent=18016"}],"wp:term":[{"taxonomy":"post_tag","embeddable":true,"href":"https:\/\/www.grandezzemeraviglie.it\/en\/wp-json\/wp\/v2\/tags?post=18016"},{"taxonomy":"tribe_events_cat","embeddable":true,"href":"https:\/\/www.grandezzemeraviglie.it\/en\/wp-json\/wp\/v2\/tribe_events_cat?post=18016"},{"taxonomy":"edizione","embeddable":true,"href":"https:\/\/www.grandezzemeraviglie.it\/en\/wp-json\/wp\/v2\/edizione?post=18016"}],"curies":[{"name":"wp","href":"https:\/\/api.w.org\/{rel}","templated":true}]}}

<p style="text-align: center;"><em>in occasione di “Grandezze &amp; Meraviglie 2025 – XVIII Festival Musicale Estense”</em></p>
<p>&nbsp;</p>
<p style="text-align: center;">Domenica 5 ottobre, Modena<br />
Scuola Cittadella, ore 10.30</p>
<p style="text-align: center;"><strong>O-12 MUSICA FAMILIARE<br />
L&#8217;INCANTO DELL&#8217;ARPA</strong></p>
<p style="text-align: center;"> TEODORA TOMMASI <em>arpa barocca e canto</em></p>
<p style="text-align: center;"><strong>&#8212;</strong></p>
<p style="text-align: center;"><strong>ANONIMO (XVI SECOLO)</strong><br />
Pavana e Salterello<br />
<em>Ms. di Castell’Arquato</em></p>
<p style="text-align: center;"><strong>VINCENZO GALILEI (1520-1591)</strong><br />
Ricercare secondo<br />
<em>Intavolature de Lauto, Roma 1563</em></p>
<p style="text-align: center;"><strong>GIULIO CACCINI ? (1551-1618)</strong><br />
Dalla porta d’oriente<br />
Dal Codice Magliabechiano XIX. 115<br />
<em>Nuove musiche e nuova maniera di scriverle, Firenze 1614</em></p>
<p style="text-align: center;"><strong>ANONIMO (XVI SECOLO)</strong><br />
Son fonti e fiumi<br />
<em>Dal Codice Magliabechiano XIX. 138</em></p>
<p style="text-align: center;"><strong>SETTIMIA CACCINI (1591-1660 ca.)</strong><br />
Core di questo core<br />
<em>Ms. Q.49, Museo Internazionale e Biblioteca della Musica, Bologna</em></p>
<p style="text-align: center;"><strong>ALESSANDRO GHIVIZZANI (1572-1636)</strong><br />
Vago mio viso<br />
<em>Ms. Q.49, Museo Internazionale e Biblioteca della Musica, Bologna</em></p>
<p style="text-align: center;"><strong>ASCANIO MAYONE (1570 ca.-1627)</strong><br />
Toccata quarta<br />
<em>Primo libro di diversi capricci per sonare, Napoli 1603</em></p>
<p style="text-align: center;"><strong>SETTIMIA CACCINI</strong><br />
Cantan gli augelli<br />
<em>Ms. Q.49, Museo Internazionale e Biblioteca della Musica, Bologna</em></p>
<p style="text-align: center;"><strong>FRANCESCA CACCINI (1587-1640)</strong><br />
Non so se quel sorriso<br />
<em>Il primo libro delle musiche a una e due voci, Firenze, 1618</em></p>
<p style="text-align: center;"><strong>ANONIMO</strong><br />
Spagnoletta<br />
<em>Dal Codice Magliabechiano XIX. 138</em></p>
<p style="text-align: center;"><strong>SETTIMIA CACCINI</strong><br />
Due luci ridenti<br />
<em>Ms. Q.49, Museo Internazionale e Biblioteca della Musica, Bologna</em></p>
<p style="text-align: center;"><strong>&#8212;</strong></p>
<p style="text-align: left;">Il breve concerto-racconto guiderà alla scoperta dell&#8217;arpa barocca, uno degli strumenti più antichi e affascinanti. Attraverso musiche del XVI e XVII secolo, eseguite e raccontate dall&#8217;arpista e cantante Teodora Tommasi, il pubblico dei più piccoli sarà immerso in un viaggio sonoro fatto di danze, canzoni e storie, che dimostrerà come l&#8217;arpa sia in grado di conquistare i cuori di tutti! Un&#8217;occasione per scoprire i segreti di questo strumento regale: come funziona l&#8217;arpa, la storia dell&#8217;arpa doppia (che in realtà è tripla) e il suo ruolo nel mondo della musica. Teodora Tommasi racconterà la storia di Settimia Caccini, un&#8217;arpista e cantante del passato spesso trascurata, ma in realtà grande virtuosa del Seicento. Il programma, che include anche brani del padre Giulio Caccini e del marito Alessandro Ghivizzani, proporrà danze veloci e lente, virtuosismi e toccate, mettendo in luce tutte le sfumature di questo strumento magico. Un&#8217;esperienza che unisce musica, racconto e curiosità.</p>
<p style="text-align: left;"><strong><span style="text-decoration: underline;">ACQUISTO DEI BIGLIETTI ESCLUSIVAMENTE SUL LUOGO DEL CONCERTO.</span></strong></p>
<p style="text-align: left;"><strong>Seguici sui nostri profili social per le ultime novità!</strong><br />
<strong><a href="https://www.facebook.com/grandezzemeraviglie">Facebook</a> | <a href="https://www.instagram.com/grandezze_meraviglie/">Instagram</a> | <a href="https://youtube.com/@grandezzemeravigliefestiva2396?si=NKvPxqtSDvaXGkn1">YouTube</a></strong></p>
<p style="text-align: left;"><strong>Iscriviti alla nostra Newsletter per rimanere sempre aggiornato!</strong></p>
