{"id":20677,"date":"2026-08-28T16:13:57","date_gmt":"2026-08-28T14:13:57","guid":{"rendered":"https:\/\/www.grandezzemeraviglie.it\/?post_type=tribe_events&p=20677"},"modified":"2026-09-11T11:00:57","modified_gmt":"2026-09-11T09:00:57","slug":"serenata-notturna","status":"publish","type":"tribe_events","link":"https:\/\/www.grandezzemeraviglie.it\/fr\/evento\/serenata-notturna\/","title":{"rendered":"SERENATA NOTTURNA"},"content":{"rendered":"<p style=\"text-align: center;\">Mercoled\u00ec 23 settembre, Vignola<br \/>\nRocca, ore 21.00<\/p>\n<p style=\"text-align: center;\"><strong>SERENATA NOTTURNA<\/strong><br \/>\n<strong>GALUPPI &#038; MOZART<\/strong><\/p>\n<p style=\"text-align: center;\"><strong>I MUSICALI AFFETTI<\/strong><br \/>\nFabio Missaggia <em>violino e direzione<\/em><\/p>\n<p style=\"text-align: center;\">Fabio Missaggia <em>violino e direzione<\/em><br \/>\nMatteo Zanatto <em>violino<\/em><br \/>\nMonica Pelliciari <em>viola<\/em><br \/>\nCarlo Zanardi <em>violoncello<\/em><br \/>\nMichele Gallo violone<\/p>\n<p style=\"text-align: center;\"><strong>BALDASSARRE GALUPPI (1706-1785)<\/strong><br \/>\n(Quartetto) Concerto a quattro in sol min.<br \/>\n<em>Grave e adagio \u2013 Spiritoso \u2013 Allegro<\/em><br \/>\nFonte: manoscritto di Modena &#8211; Biblioteca Estense<\/p>\n<p style=\"text-align: center;\"><strong>BALDASSARRE GALUPPI (1706-1785)<\/strong><br \/>\n(Quartetto) Concerto a quattro in re magg.<br \/>\nMaestoso \u2013 Allegro \u2013 Andantino<br \/>\nFonte: manoscritto di Modena \u2013 Biblioteca Estense<\/p>\n<p style=\"text-align: center;\"><strong>WOLFGANG AMADEUS MOZART (1756-1791)<\/strong><br \/>\nQuartetto in do magg. KV 157 (dai \u201cQuartetti Milanesi\u201d)<br \/>\n(Allegro) \u2013 Andante \u2013 Presto<br \/>\nFonte: manoscritto olografo<\/p>\n<p style=\"text-align: center;\"><strong>WOLFGANG AMADEUS MOZART<\/strong><br \/>\nEine kleine Nachtmusik Serenata KV 525<br \/>\nAllegro \u2013 Romanze: Andante \u2013 Menuetto Allegretto \u2013 Rond\u00f2: Allegro<br \/>\nFonte: manoscritto olografo<\/p>\n<p style=\"text-align: center;\">Dans un cadre m\u00e9di\u00e9val \u00e9vocateur, le concert retrace la transition entre la sensibilit\u00e9 galante du milieu du XVIIIe si\u00e8cle et la pleine maturit\u00e9 du classicisme viennois. L&rsquo;ouverture est d\u00e9di\u00e9e \u00e0 Baldassarre Galuppi \u00e0 travers deux Concertos a quattro tir\u00e9s des manuscrits conserv\u00e9s \u00e0 la Biblioth\u00e8que Estense de Mod\u00e8ne : des \u0153uvres qui allient la gr\u00e2ce m\u00e9lodique de l&rsquo;\u00e9cole v\u00e9nitienne \u00e0 des solutions harmoniques originales, suspendues entre souvenirs contrapuntiques et intuitions pr\u00e9romantiques. La figure de Wolfgang Amadeus Mozart appara\u00eet pour la premi\u00e8re fois avec le Quatuor de jeunesse en do majeur KV 157, compos\u00e9 \u00e0 Milan en 1772 lors de son s\u00e9jour en Italie, et culmine dans la tr\u00e8s c\u00e9l\u00e8bre S\u00e9r\u00e9nade en sol majeur KV 525 \u00ab Eine kleine Nachtmusik \u00bb. Con\u00e7ue \u00e0 l&rsquo;origine pour des occasions conviviales, l&rsquo;\u0153uvre d\u00e9passe les limites de la musique de divertissement, offrant un mod\u00e8le de perfection formelle confi\u00e9 \u00e0 l&rsquo;Ensemble I Musicali Affetti dirig\u00e9 par Fabio Missaggia.<\/p>\n<p style=\"text-align: center;\"><strong>Suivez-nous sur nos profils sociaux pour les derni\u00e8res nouvelles !<\/strong><br \/>\n<strong><a href=\"https:\/\/www.facebook.com\/grandezzemeraviglie\">Facebook<\/a> | <a href=\"https:\/\/www.instagram.com\/grandezze_meraviglie\/\">Instagram<\/a> | <a href=\"https:\/\/youtube.com\/@grandezzemeravigliefestiva2396?si=NKvPxqtSDvaXGkn1\">YouTube<\/a><\/strong><\/p>\n<p style=\"text-align: center;\"><strong>Abonnez-vous \u00e0 notre lettre d&rsquo;information pour rester inform\u00e9 !<\/strong><\/p>\n","protected":false},"excerpt":{"rendered":"<p>Mercoled\u00ec 23 settembre, Vignola Rocca, ore 21.00 SERENATA NOTTURNA GALUPPI &#038; MOZART I MUSICALI AFFETTI Fabio Missaggia violino e direzione Fabio Missaggia violino e direzione Matteo Zanatto violino Monica Pelliciari [&hellip;]<\/p>\n","protected":false},"author":2,"featured_media":20674,"template":"","meta":{"_tribe_events_status":"","_tribe_events_status_reason":"","_tribe_events_is_hybrid":"","_tribe_events_is_virtual":"","_tribe_events_virtual_video_source":"","_tribe_events_virtual_embed_video":"","_tribe_events_virtual_linked_button_text":"","_tribe_events_virtual_linked_button":"","_tribe_events_virtual_show_embed_at":"","_tribe_events_virtual_show_embed_to":[],"_tribe_events_virtual_show_on_event":"","_tribe_events_virtual_show_on_views":"","_tribe_events_virtual_url":"","footnotes":""},"tags":[],"tribe_events_cat":[739],"edizione":[759],"class_list":["post-20677","tribe_events","type-tribe_events","status-publish","has-post-thumbnail","hentry","tribe_events_cat-concerto-vignola-fr","edizione-grandezze-meraviglie-2026-xxix-festival-musicale-estense-fr","cat_concerto-vignola-fr"],"_links":{"self":[{"href":"https:\/\/www.grandezzemeraviglie.it\/fr\/wp-json\/wp\/v2\/tribe_events\/20677","targetHints":{"allow":["GET"]}}],"collection":[{"href":"https:\/\/www.grandezzemeraviglie.it\/fr\/wp-json\/wp\/v2\/tribe_events"}],"about":[{"href":"https:\/\/www.grandezzemeraviglie.it\/fr\/wp-json\/wp\/v2\/types\/tribe_events"}],"author":[{"embeddable":true,"href":"https:\/\/www.grandezzemeraviglie.it\/fr\/wp-json\/wp\/v2\/users\/2"}],"version-history":[{"count":1,"href":"https:\/\/www.grandezzemeraviglie.it\/fr\/wp-json\/wp\/v2\/tribe_events\/20677\/revisions"}],"predecessor-version":[{"id":20964,"href":"https:\/\/www.grandezzemeraviglie.it\/fr\/wp-json\/wp\/v2\/tribe_events\/20677\/revisions\/20964"}],"wp:featuredmedia":[{"embeddable":true,"href":"https:\/\/www.grandezzemeraviglie.it\/fr\/wp-json\/wp\/v2\/media\/20674"}],"wp:attachment":[{"href":"https:\/\/www.grandezzemeraviglie.it\/fr\/wp-json\/wp\/v2\/media?parent=20677"}],"wp:term":[{"taxonomy":"post_tag","embeddable":true,"href":"https:\/\/www.grandezzemeraviglie.it\/fr\/wp-json\/wp\/v2\/tags?post=20677"},{"taxonomy":"tribe_events_cat","embeddable":true,"href":"https:\/\/www.grandezzemeraviglie.it\/fr\/wp-json\/wp\/v2\/tribe_events_cat?post=20677"},{"taxonomy":"edizione","embeddable":true,"href":"https:\/\/www.grandezzemeraviglie.it\/fr\/wp-json\/wp\/v2\/edizione?post=20677"}],"curies":[{"name":"wp","href":"https:\/\/api.w.org\/{rel}","templated":true}]}}

<p style="text-align: center;">Mercoledì 23 settembre, Vignola<br />
Rocca, ore 21.00</p>
<p style="text-align: center;"><strong>SERENATA NOTTURNA</strong><br />
<strong>GALUPPI &#038; MOZART</strong></p>
<p style="text-align: center;"><strong>I MUSICALI AFFETTI</strong><br />
Fabio Missaggia <em>violino e direzione</em></p>
<p style="text-align: center;">Fabio Missaggia <em>violino e direzione</em><br />
Matteo Zanatto <em>violino</em><br />
Monica Pelliciari <em>viola</em><br />
Carlo Zanardi <em>violoncello</em><br />
Michele Gallo violone</p>
<p style="text-align: center;"><strong>BALDASSARRE GALUPPI (1706-1785)</strong><br />
(Quartetto) Concerto a quattro in sol min.<br />
<em>Grave e adagio – Spiritoso – Allegro</em><br />
Fonte: manoscritto di Modena &#8211; Biblioteca Estense</p>
<p style="text-align: center;"><strong>BALDASSARRE GALUPPI (1706-1785)</strong><br />
(Quartetto) Concerto a quattro in re magg.<br />
Maestoso – Allegro – Andantino<br />
Fonte: manoscritto di Modena – Biblioteca Estense</p>
<p style="text-align: center;"><strong>WOLFGANG AMADEUS MOZART (1756-1791)</strong><br />
Quartetto in do magg. KV 157 (dai “Quartetti Milanesi”)<br />
(Allegro) – Andante – Presto<br />
Fonte: manoscritto olografo</p>
<p style="text-align: center;"><strong>WOLFGANG AMADEUS MOZART</strong><br />
Eine kleine Nachtmusik Serenata KV 525<br />
Allegro – Romanze: Andante – Menuetto Allegretto – Rondò: Allegro<br />
Fonte: manoscritto olografo</p>
<p style="text-align: center;">Dans un cadre médiéval évocateur, le concert retrace la transition entre la sensibilité galante du milieu du XVIIIe siècle et la pleine maturité du classicisme viennois. L&rsquo;ouverture est dédiée à Baldassarre Galuppi à travers deux Concertos a quattro tirés des manuscrits conservés à la Bibliothèque Estense de Modène : des œuvres qui allient la grâce mélodique de l&rsquo;école vénitienne à des solutions harmoniques originales, suspendues entre souvenirs contrapuntiques et intuitions préromantiques. La figure de Wolfgang Amadeus Mozart apparaît pour la première fois avec le Quatuor de jeunesse en do majeur KV 157, composé à Milan en 1772 lors de son séjour en Italie, et culmine dans la très célèbre Sérénade en sol majeur KV 525 « Eine kleine Nachtmusik ». Conçue à l&rsquo;origine pour des occasions conviviales, l&rsquo;œuvre dépasse les limites de la musique de divertissement, offrant un modèle de perfection formelle confié à l&rsquo;Ensemble I Musicali Affetti dirigé par Fabio Missaggia.</p>
<p style="text-align: center;"><strong>Suivez-nous sur nos profils sociaux pour les dernières nouvelles !</strong><br />
<strong><a href="https://www.facebook.com/grandezzemeraviglie">Facebook</a> | <a href="https://www.instagram.com/grandezze_meraviglie/">Instagram</a> | <a href="https://youtube.com/@grandezzemeravigliefestiva2396?si=NKvPxqtSDvaXGkn1">YouTube</a></strong></p>
<p style="text-align: center;"><strong>Abonnez-vous à notre lettre d&rsquo;information pour rester informé !</strong></p>

<p>Mercoledì 23 settembre, Vignola Rocca, ore 21.00 SERENATA NOTTURNA GALUPPI &#038; MOZART I MUSICALI AFFETTI Fabio Missaggia violino e direzione Fabio Missaggia violino e direzione Matteo Zanatto violino Monica Pelliciari [&hellip;]</p>
