{"id":20701,"date":"2026-08-28T16:15:16","date_gmt":"2026-08-28T14:15:16","guid":{"rendered":"https:\/\/www.grandezzemeraviglie.it\/?post_type=tribe_events&p=20701"},"modified":"2026-09-01T11:00:16","modified_gmt":"2026-09-01T09:00:16","slug":"20701","status":"publish","type":"tribe_events","link":"https:\/\/www.grandezzemeraviglie.it\/fr\/evento\/20701\/","title":{"rendered":""},"content":{"rendered":"<p style=\"text-align: center;\">Mercoled\u00ec 30 settembre, VIGNOLA<br \/>\nRocca<em>, ore 21<br \/>\n<\/em><\/p>\n<p style=\"text-align: center;\">ALLE DANZE, ALLE GIOIE<br \/>\nBALLI, SCHERZI E MADRIGALI DI CLAUDIO MONTEVERDI<br \/>\n<strong><br \/>\nENSEMBLE STRUMENTALE E VOCALE DULCEDO<\/strong><\/p>\n<p style=\"text-align: center;\"><em>Soprani<br \/>\n<\/em>Maria Parolini, Giulia Rappazzo, Camilla Scappatura<strong>               <\/strong><\/p>\n<p style=\"text-align: center;\"><em>Alti<br \/>\n<\/em> Livio Ticli, Luisa Torresan<em> <\/em><\/p>\n<p style=\"text-align: center;\"><em>Tenore<br \/>\n<\/em> Luigi Tinto<em> <\/em><\/p>\n<p style=\"text-align: center;\"><em>Bassi<br \/>\n<\/em>Marcello Mazzetti, Luca Pasqualetto<\/p>\n<p style=\"text-align: center;\"><em> <\/em><em>Flauto dolce<br \/>\n<\/em>Matilde Bedin, Elena Chilese<\/p>\n<p style=\"text-align: center;\"><em> <\/em><em>Cembalo<br \/>\n<\/em>Marija Jovanovic<\/p>\n<p style=\"text-align: center;\">\n            <em>Progetto a cura di Lia Serafini<\/em>\n          <\/p>\n<p style=\"text-align: center;\"><strong>CLAUDIO MONTEVERDI (1567-1643)<\/strong><br \/>\nLasciate i monti\/Vieni Imeneo, Ballo<br \/>\nDolci miei sospiri<br \/>\nMadrigale concertato<br \/>\nAlle danze, alle gioie. Madrigale a tre voci<br \/>\nTirsi e Clori<br \/>\nSu, su, su pastorelli vezzosi<br \/>\nZefiro torna<br \/>\nVolgendo il ciel \/ Movete al mio bel suon<br \/>\nVago augelletto<\/p>\n<p style=\"text-align: left;\">L&rsquo;\u0153uvre de Claudio Monteverdi r\u00e9v\u00e8le la r\u00e9volution de la Seconda Prattica, o\u00f9 la musique se plie aux inflexions du texte pour donner vie \u00e0 une v\u00e9ritable repr\u00e9sentation des affections. Le programme s&rsquo;\u00e9tend des danses pastorales d&rsquo;Orph\u00e9e aux Scherzi musicaux, jusqu&rsquo;\u00e0 la grande architecture des huiti\u00e8me et neuvi\u00e8me livres de madrigaux. \u00c0 travers des \u0153uvres c\u00e9l\u00e8bres telles que Zefiro torna, Tirsi e Clori et Vago augelletto, l&rsquo;utilisation novatrice d&rsquo;instruments de concert et un style fr\u00e9n\u00e9tique \u00e9mergent, capables de traduire la ferveur de l&rsquo;action, la gr\u00e2ce ou la contemplation intime en rythme. Con\u00e7u par Lia Serafini, le projet met en vedette l&rsquo;ensemble instrumental et vocal Dulcedo, un groupe du d\u00e9partement de musique ancienne du Conservatoire de Vicence. Les voix et les instruments retracent la p\u00e9riode o\u00f9 le madrigal a abandonn\u00e9 le contrepoint rigide pour devenir un langage moderne, suspendu entre po\u00e9sie, chant et mouvement.<\/p>\n","protected":false},"excerpt":{"rendered":"<p>Mercoled\u00ec 30 settembre, VIGNOLA Rocca, ore 21 ALLE DANZE, ALLE GIOIE BALLI, SCHERZI E MADRIGALI DI CLAUDIO MONTEVERDI ENSEMBLE STRUMENTALE E VOCALE DULCEDO Soprani Maria Parolini, Giulia Rappazzo, Camilla Scappatura [&hellip;]<\/p>\n","protected":false},"author":2,"featured_media":20698,"template":"","meta":{"_tribe_events_status":"","_tribe_events_status_reason":"","_tribe_events_is_hybrid":"","_tribe_events_is_virtual":"","_tribe_events_virtual_video_source":"","_tribe_events_virtual_embed_video":"","_tribe_events_virtual_linked_button_text":"","_tribe_events_virtual_linked_button":"","_tribe_events_virtual_show_embed_at":"","_tribe_events_virtual_show_embed_to":[],"_tribe_events_virtual_show_on_event":"","_tribe_events_virtual_show_on_views":"","_tribe_events_virtual_url":"","footnotes":""},"tags":[],"tribe_events_cat":[739],"edizione":[759],"class_list":["post-20701","tribe_events","type-tribe_events","status-publish","has-post-thumbnail","hentry","tribe_events_cat-concerto-vignola-fr","edizione-grandezze-meraviglie-2026-xxix-festival-musicale-estense-fr","cat_concerto-vignola-fr"],"_links":{"self":[{"href":"https:\/\/www.grandezzemeraviglie.it\/fr\/wp-json\/wp\/v2\/tribe_events\/20701","targetHints":{"allow":["GET"]}}],"collection":[{"href":"https:\/\/www.grandezzemeraviglie.it\/fr\/wp-json\/wp\/v2\/tribe_events"}],"about":[{"href":"https:\/\/www.grandezzemeraviglie.it\/fr\/wp-json\/wp\/v2\/types\/tribe_events"}],"author":[{"embeddable":true,"href":"https:\/\/www.grandezzemeraviglie.it\/fr\/wp-json\/wp\/v2\/users\/2"}],"version-history":[{"count":1,"href":"https:\/\/www.grandezzemeraviglie.it\/fr\/wp-json\/wp\/v2\/tribe_events\/20701\/revisions"}],"predecessor-version":[{"id":20966,"href":"https:\/\/www.grandezzemeraviglie.it\/fr\/wp-json\/wp\/v2\/tribe_events\/20701\/revisions\/20966"}],"wp:featuredmedia":[{"embeddable":true,"href":"https:\/\/www.grandezzemeraviglie.it\/fr\/wp-json\/wp\/v2\/media\/20698"}],"wp:attachment":[{"href":"https:\/\/www.grandezzemeraviglie.it\/fr\/wp-json\/wp\/v2\/media?parent=20701"}],"wp:term":[{"taxonomy":"post_tag","embeddable":true,"href":"https:\/\/www.grandezzemeraviglie.it\/fr\/wp-json\/wp\/v2\/tags?post=20701"},{"taxonomy":"tribe_events_cat","embeddable":true,"href":"https:\/\/www.grandezzemeraviglie.it\/fr\/wp-json\/wp\/v2\/tribe_events_cat?post=20701"},{"taxonomy":"edizione","embeddable":true,"href":"https:\/\/www.grandezzemeraviglie.it\/fr\/wp-json\/wp\/v2\/edizione?post=20701"}],"curies":[{"name":"wp","href":"https:\/\/api.w.org\/{rel}","templated":true}]}}

<p style="text-align: center;">Mercoledì 30 settembre, VIGNOLA<br />
Rocca<em>, ore 21<br />
</em></p>
<p style="text-align: center;">ALLE DANZE, ALLE GIOIE<br />
BALLI, SCHERZI E MADRIGALI DI CLAUDIO MONTEVERDI<br />
<strong><br />
ENSEMBLE STRUMENTALE E VOCALE DULCEDO</strong></p>
<p style="text-align: center;"><em>Soprani<br />
</em>Maria Parolini, Giulia Rappazzo, Camilla Scappatura<strong>               </strong></p>
<p style="text-align: center;"><em>Alti<br />
</em> Livio Ticli, Luisa Torresan<em> </em></p>
<p style="text-align: center;"><em>Tenore<br />
</em> Luigi Tinto<em> </em></p>
<p style="text-align: center;"><em>Bassi<br />
</em>Marcello Mazzetti, Luca Pasqualetto</p>
<p style="text-align: center;"><em> </em><em>Flauto dolce<br />
</em>Matilde Bedin, Elena Chilese</p>
<p style="text-align: center;"><em> </em><em>Cembalo<br />
</em>Marija Jovanovic</p>
<p style="text-align: center;">
            <em>Progetto a cura di Lia Serafini</em>
          </p>
<p style="text-align: center;"><strong>CLAUDIO MONTEVERDI (1567-1643)</strong><br />
Lasciate i monti/Vieni Imeneo, Ballo<br />
Dolci miei sospiri<br />
Madrigale concertato<br />
Alle danze, alle gioie. Madrigale a tre voci<br />
Tirsi e Clori<br />
Su, su, su pastorelli vezzosi<br />
Zefiro torna<br />
Volgendo il ciel / Movete al mio bel suon<br />
Vago augelletto</p>
<p style="text-align: left;">L&rsquo;œuvre de Claudio Monteverdi révèle la révolution de la Seconda Prattica, où la musique se plie aux inflexions du texte pour donner vie à une véritable représentation des affections. Le programme s&rsquo;étend des danses pastorales d&rsquo;Orphée aux Scherzi musicaux, jusqu&rsquo;à la grande architecture des huitième et neuvième livres de madrigaux. À travers des œuvres célèbres telles que Zefiro torna, Tirsi e Clori et Vago augelletto, l&rsquo;utilisation novatrice d&rsquo;instruments de concert et un style frénétique émergent, capables de traduire la ferveur de l&rsquo;action, la grâce ou la contemplation intime en rythme. Conçu par Lia Serafini, le projet met en vedette l&rsquo;ensemble instrumental et vocal Dulcedo, un groupe du département de musique ancienne du Conservatoire de Vicence. Les voix et les instruments retracent la période où le madrigal a abandonné le contrepoint rigide pour devenir un langage moderne, suspendu entre poésie, chant et mouvement.</p>

<p>Mercoledì 30 settembre, VIGNOLA Rocca, ore 21 ALLE DANZE, ALLE GIOIE BALLI, SCHERZI E MADRIGALI DI CLAUDIO MONTEVERDI ENSEMBLE STRUMENTALE E VOCALE DULCEDO Soprani Maria Parolini, Giulia Rappazzo, Camilla Scappatura [&hellip;]</p>
