{"id":21065,"date":"2026-09-04T16:33:36","date_gmt":"2026-09-04T14:33:36","guid":{"rendered":"https:\/\/www.grandezzemeraviglie.it\/?post_type=tribe_events&#038;p=21065"},"modified":"2026-09-04T16:33:36","modified_gmt":"2026-09-04T14:33:36","slug":"siliva-guberti-armonie-del-magma","status":"publish","type":"tribe_events","link":"https:\/\/www.grandezzemeraviglie.it\/it\/evento\/siliva-guberti-armonie-del-magma\/","title":{"rendered":"SILIVA GUBERTI. ARMONIE DEL MAGMA"},"content":{"rendered":"<p style=\"text-align: center;\"><span style=\"color: #800000;\"><strong>ESPOSIZIONE MOSTRA<\/strong><\/span><\/p>\n<p style=\"text-align: center;\">Sede Mediateca di Grandezze &amp; Meraviglie<br \/>\nModena, Via Ganaceto 40\/c<br \/>\nVenerd\u00ec 18 settembre ore 10.00 \u2013 23.00<br \/>\nSabato 19 settembre ore 10.00 \u2013 19.00<br \/>\nDomenica 20 settembre ore 10.00 \u2013 17.00<br \/>\nDopo il festivalfilosofia la mostra sar\u00e0 visitabile fino al 25 settembre<br \/>\nsu prenotazione: info@grandezzemeraviglie.it | 059 214333 &#8211; 339 2030616<\/p>\n<p style=\"text-align: center;\"><strong>SILVIA GUBERTI<\/strong><br \/>\n<strong>ARMONIE DEL MAGMA<\/strong><br \/>\nA cura di Enrico Bellei, Luciano Rivi, Elisabetta Sirotti<\/p>\n<p style=\"text-align: left;\">\nIl confronto con la materia coincide spesso con l\u2019esplorazione di processi di trasformazione in cui forma, memoria e tempo si intrecciano continuamente. Anche il lavoro creativo pu\u00f2 nascere da una condizione di apertura e di continua ridefinizione, nella quale ci\u00f2 che appare originariamente informe contiene gi\u00e0 le possibilit\u00e0 di nuove configurazioni e nuovi significati. Nel lavoro di Silvia Guberti assume particolare rilievo proprio quest\u2019attenzione al mutamento della materia e ai processi tramite cui natura e cultura interagiscono nella costruzione della forma. La dimensione temporale viene osservata sia come processo generativo sia come traccia e memoria di trasformazioni successive. Questa mostra presenta opere inedite articolate attorno a due nuclei centrali della ricerca dell\u2019artista. Da una parte, la serie delle Impronte esplora attraverso la materia ceramica i processi di impressione e generazione della forma; dall\u2019altra, la serie dei Libri sviluppa una riflessione sul rapporto tra memoria culturale, storia e scrittura, riportando l\u2019attenzione verso forme essenziali e originarie del linguaggio.<\/p>\n<p style=\"text-align: left;\"><strong>SILVIA GUBERTI<\/strong> ha esordito in ambito ceramico nel 1970. Nel 1972 ha esposto al Centro Domus di Milano e alla Sala di Cultura di Modena. Nel 1975 ha esposto a Palazzo dei Diamanti di Ferrara.<br \/>\nGli iniziali interessi di ambito ceramico hanno ben presto trovato modo di articolarsi nel confronto con una pi\u00f9 ampia serie di situazioni materiche, in riferimento a problematiche di ordine spaziale<br \/>\ne ambientale. Tra le iniziative espositive degli ultimi anni: Biennale Light Art Elogio della luce, Mantova (2020-21). Il Museo Civico di Modena ha recentemente acquisito una ventina di sue opere.<\/p>\n<p style=\"text-align: left;\"><strong>ENRICO BELLEI<\/strong> \u00e8 ideatore e direttore artistico di Grandezze &amp; Meraviglie &#8211; Festival Musicale Estense.<\/p>\n<p style=\"text-align: left;\"><strong>LUCIANO RIVI<\/strong> ha collaborato con il Museo Civico di Modena ed \u00e8 consulente di Assicoop Modena&amp;Ferrara Unipol per la cura della Collezione d\u2019arte dell\u2019Ottocento e del Novecento.<\/p>\n<p style=\"text-align: left;\"><strong>ELISABETTA SIROTTI<\/strong> \u00e8 organizzatrice culturale. Impegnata in modo multidisciplinare, in particolare in ambito artistico, nel 2000 ha creato il Caff\u00e8 Letterario di Modena.<\/p>\n","protected":false},"excerpt":{"rendered":"<p>ESPOSIZIONE MOSTRA Sede Mediateca di Grandezze &amp; Meraviglie Modena, Via Ganaceto 40\/c Venerd\u00ec 18 settembre ore 10.00 \u2013 23.00 Sabato 19 settembre ore 10.00 \u2013 19.00 Domenica 20 settembre ore [&hellip;]<\/p>\n","protected":false},"author":2,"featured_media":21066,"template":"","meta":{"_tribe_events_status":"","_tribe_events_status_reason":"","_tribe_events_is_hybrid":"","_tribe_events_is_virtual":"","_tribe_events_virtual_video_source":"","_tribe_events_virtual_embed_video":"","_tribe_events_virtual_linked_button_text":"","_tribe_events_virtual_linked_button":"","_tribe_events_virtual_show_embed_at":"","_tribe_events_virtual_show_embed_to":[],"_tribe_events_virtual_show_on_event":"","_tribe_events_virtual_show_on_views":"","_tribe_events_virtual_url":"","footnotes":""},"tags":[],"tribe_events_cat":[26],"edizione":[757],"class_list":["post-21065","tribe_events","type-tribe_events","status-publish","has-post-thumbnail","hentry","tribe_events_cat-incontro-culturale-e-musicale","edizione-grandezze-meraviglie-2026-xxix-festival-musicale-estense","cat_incontro-culturale-e-musicale"],"_links":{"self":[{"href":"https:\/\/www.grandezzemeraviglie.it\/it\/wp-json\/wp\/v2\/tribe_events\/21065","targetHints":{"allow":["GET"]}}],"collection":[{"href":"https:\/\/www.grandezzemeraviglie.it\/it\/wp-json\/wp\/v2\/tribe_events"}],"about":[{"href":"https:\/\/www.grandezzemeraviglie.it\/it\/wp-json\/wp\/v2\/types\/tribe_events"}],"author":[{"embeddable":true,"href":"https:\/\/www.grandezzemeraviglie.it\/it\/wp-json\/wp\/v2\/users\/2"}],"version-history":[{"count":1,"href":"https:\/\/www.grandezzemeraviglie.it\/it\/wp-json\/wp\/v2\/tribe_events\/21065\/revisions"}],"predecessor-version":[{"id":21069,"href":"https:\/\/www.grandezzemeraviglie.it\/it\/wp-json\/wp\/v2\/tribe_events\/21065\/revisions\/21069"}],"wp:featuredmedia":[{"embeddable":true,"href":"https:\/\/www.grandezzemeraviglie.it\/it\/wp-json\/wp\/v2\/media\/21066"}],"wp:attachment":[{"href":"https:\/\/www.grandezzemeraviglie.it\/it\/wp-json\/wp\/v2\/media?parent=21065"}],"wp:term":[{"taxonomy":"post_tag","embeddable":true,"href":"https:\/\/www.grandezzemeraviglie.it\/it\/wp-json\/wp\/v2\/tags?post=21065"},{"taxonomy":"tribe_events_cat","embeddable":true,"href":"https:\/\/www.grandezzemeraviglie.it\/it\/wp-json\/wp\/v2\/tribe_events_cat?post=21065"},{"taxonomy":"edizione","embeddable":true,"href":"https:\/\/www.grandezzemeraviglie.it\/it\/wp-json\/wp\/v2\/edizione?post=21065"}],"curies":[{"name":"wp","href":"https:\/\/api.w.org\/{rel}","templated":true}]}}

<p style="text-align: center;"><span style="color: #800000;"><strong>ESPOSIZIONE MOSTRA</strong></span></p>
<p style="text-align: center;">Sede Mediateca di Grandezze &amp; Meraviglie<br />
Modena, Via Ganaceto 40/c<br />
Venerdì 18 settembre ore 10.00 – 23.00<br />
Sabato 19 settembre ore 10.00 – 19.00<br />
Domenica 20 settembre ore 10.00 – 17.00<br />
Dopo il festivalfilosofia la mostra sarà visitabile fino al 25 settembre<br />
su prenotazione: info@grandezzemeraviglie.it | 059 214333 &#8211; 339 2030616</p>
<p style="text-align: center;"><strong>SILVIA GUBERTI</strong><br />
<strong>ARMONIE DEL MAGMA</strong><br />
A cura di Enrico Bellei, Luciano Rivi, Elisabetta Sirotti</p>
<p style="text-align: left;">
Il confronto con la materia coincide spesso con l’esplorazione di processi di trasformazione in cui forma, memoria e tempo si intrecciano continuamente. Anche il lavoro creativo può nascere da una condizione di apertura e di continua ridefinizione, nella quale ciò che appare originariamente informe contiene già le possibilità di nuove configurazioni e nuovi significati. Nel lavoro di Silvia Guberti assume particolare rilievo proprio quest’attenzione al mutamento della materia e ai processi tramite cui natura e cultura interagiscono nella costruzione della forma. La dimensione temporale viene osservata sia come processo generativo sia come traccia e memoria di trasformazioni successive. Questa mostra presenta opere inedite articolate attorno a due nuclei centrali della ricerca dell’artista. Da una parte, la serie delle Impronte esplora attraverso la materia ceramica i processi di impressione e generazione della forma; dall’altra, la serie dei Libri sviluppa una riflessione sul rapporto tra memoria culturale, storia e scrittura, riportando l’attenzione verso forme essenziali e originarie del linguaggio.</p>
<p style="text-align: left;"><strong>SILVIA GUBERTI</strong> ha esordito in ambito ceramico nel 1970. Nel 1972 ha esposto al Centro Domus di Milano e alla Sala di Cultura di Modena. Nel 1975 ha esposto a Palazzo dei Diamanti di Ferrara.<br />
Gli iniziali interessi di ambito ceramico hanno ben presto trovato modo di articolarsi nel confronto con una più ampia serie di situazioni materiche, in riferimento a problematiche di ordine spaziale<br />
e ambientale. Tra le iniziative espositive degli ultimi anni: Biennale Light Art Elogio della luce, Mantova (2020-21). Il Museo Civico di Modena ha recentemente acquisito una ventina di sue opere.</p>
<p style="text-align: left;"><strong>ENRICO BELLEI</strong> è ideatore e direttore artistico di Grandezze &amp; Meraviglie &#8211; Festival Musicale Estense.</p>
<p style="text-align: left;"><strong>LUCIANO RIVI</strong> ha collaborato con il Museo Civico di Modena ed è consulente di Assicoop Modena&amp;Ferrara Unipol per la cura della Collezione d’arte dell’Ottocento e del Novecento.</p>
<p style="text-align: left;"><strong>ELISABETTA SIROTTI</strong> è organizzatrice culturale. Impegnata in modo multidisciplinare, in particolare in ambito artistico, nel 2000 ha creato il Caffè Letterario di Modena.</p>

<p>ESPOSIZIONE MOSTRA Sede Mediateca di Grandezze &amp; Meraviglie Modena, Via Ganaceto 40/c Venerdì 18 settembre ore 10.00 – 23.00 Sabato 19 settembre ore 10.00 – 19.00 Domenica 20 settembre ore [&hellip;]</p>
